 (3 + -3)) composite?
False
Suppose -530 = 2*c - 1510. Let g = -274 + c. Suppose 4*b - 4*j = g, 8*j - 60 = -b + 3*j. Is b a composite number?
True
Suppose -2*u + 3*u - 10 = 3*w, -3*u + 3*w + 6 = 0. Is (-247)/(-7) + u/7 prime?
False
Let a(r) = r**3 + 2*r**2 - 3*r + 2. Let t be a(-3). Is (t - 2) + 1 + 36 prime?
True
Let v(c) = c**3 - 6*c**2 + 6*c - 4. Let g be v(5). Is 1*g/1*307 prime?
True
Suppose 39 + 24 = -3*o - z, -o - 3*z = 29. Let k = 27 - o. Is k a composite number?
False
Let b = -5 + 6. Let g be -1 + (1 - 0/b). Suppose -u + 113 = -g*u. Is u a prime number?
True
Let v(z) = 4*z**3 + z**2 + 6*z**3 - 2*z**2. Let k(j) = -j - 3. Let f be k(-4). Is v(f) prime?
False
Suppose 34 = -2*b + 246. Is b prime?
False
Let a(b) = 2 + 10*b - 5*b**2 + 12 + 16*b. Let y(g) = g**2 - 5*g - 3. Let m(f) = 2*a(f) + 11*y(f). Is m(-5) a composite number?
True
Let q(c) = 11*c - 4. Let m(b) = 21*b - 9. Let u(y) = -6*m(y) + 13*q(y). Is u(3) a composite number?
False
Let v be (-2)/6 + (-4784)/(-6). Suppose 4*y = 2*y + 4*a + 314, 4*a + v = 5*y. Is y a composite number?
True
Suppose -2*k + 17134 = 2*f + 2*f, -4279 = -f + 4*k. Is f a prime number?
True
Suppose -2*v + 5*n = -7662, 0 = n - 3 + 7. Is v a composite number?
False
Let a = 24 - 4. Suppose -t = 3*t - a. Let g = t + -2. Is g prime?
True
Let l(d) = 3*d**2 - d**2 - 3*d**2 - 3 + 12*d. Let p be l(9). Let s = -13 + p. Is s a composite number?
False
Suppose 4*k - 2*k - 6 = 0. Suppose -k*r = -2 - 631. Is r prime?
True
Let j be (-54)/(-8) + (-1)/(-4). Is 541/j + (-4)/14 a composite number?
True
Let c(a) = -4*a + 3*a - a**2 + 6*a + 4. Let d be c(-4). Let o = 95 - d. Is o prime?
True
Suppose -13 = -3*o + q - 4, -20 = -2*o - 4*q. Suppose 4*n - 4 - 212 = 4*k, 2*k = -o*n + 216. Suppose 22 + n = 4*d. Is d composite?
False
Let a = 5303 - 2232. Is a composite?
True
Let b = -4 + 138. Is b a prime number?
False
Suppose -q = 2*n + 3*q - 110, 4*n - 285 = 5*q. Suppose 3*o - 52 = n. Is o a composite number?
True
Let a = -229 - -1026. Is a a prime number?
True
Suppose -5*h = -0*m + m - 81, 2*h + 302 = 4*m. Let z = -37 + m. Is z a composite number?
True
Suppose 2*p - 28 - 48 = 0. Is p composite?
True
Suppose -2*u + 450 = -4*g, -3*u - 2*g = -427 - 232. Is u a composite number?
True
Is (1 + (-2)/3)/(1/771) prime?
True
Is 59 + (-16)/(-4) + -1 composite?
True
Is (1 + 0)/(1/39) composite?
True
Let a be (-1 + 2)*(2 + -2). Suppose -4*t = -i - 513, -3*t + 391 = -a*i - 2*i. Is t a prime number?
True
Let z be 6/21 - 66/(-14). Let s = z - 3. Suppose -3*f + 108 = -b, -96 = -s*f - f - 3*b. Is f a composite number?
True
Let z = -12 - -12. Suppose z*u + 3*u - 70 = -g, -3*g - 5*u = -230. Is g a composite number?
True
Suppose -t + 491 = j - 5*j, j + 1889 = 4*t. Is t a prime number?
False
Let f(c) = c**3 - 3*c**2 - 3*c + 1. Let k be f(4). Let t = k + 33. Is t prime?
False
Is (-156)/9*-105 - -3 prime?
True
Let m(c) = 4 - 4*c + 6*c + 0*c + 9*c. Is m(9) a composite number?
False
Suppose 14*a = 15*a - 74. Is a a prime number?
False
Suppose k + 4*o - 1361 = 0, 2*k + 3*o - 3190 + 468 = 0. Is k a prime number?
True
Is (4 + (-4 - -2))*(-293)/(-2) a prime number?
True
Suppose 3*m - 25 = 4*l + 12, 2*m - 5*l - 34 = 0. Is m composite?
False
Suppose -2*u = -p - 6*u - 419, -3*u = -5*p - 2026. Let o be (-1 + (2 - -1))*293. Let n = p + o. Is n composite?
False
Let a be (-642 - 0)*(-75)/45. Is (a/(-8))/(7/(-28)) prime?
False
Is (-1724)/((-4)/22 - (-40)/(-22)) prime?
False
Let g be (-8)/(-6) + (-2)/6. Let v be (1/(-2))/(g/(-4)). Suppose a = 3*o + v*o - 3, -15 = -3*o. Is a prime?
False
Suppose -o + 2*o - 20 = 0. Suppose f + 3*f = o. Suppose -4*s - 2*g + 34 = 0, 4*s + 4*g - 37 = f*g. Is s prime?
False
Suppose -5*g + 31 = -34. Let n = g + -6. Suppose -2*x - 255 = -n*x. Is x a composite number?
True
Suppose 4*b - 10079 = -5*u, -b - 2*b + 5*u = -7568. Is b a composite number?
False
Suppose -3*g + 7*g = 3548. Is g prime?
True
Suppose -3*m + 110 + 1639 = 0. Is m prime?
False
Let t = 1 + -2. Let z be -1 - (t + -2 + 1). Let j = z - -3. Is j composite?
True
Suppose 4*l = 2*g + 8*l - 1086, -g = -l - 528. Is g prime?
False
Let i be 46 - (-1 - (-3)/3). Let b = i + -27. Is b a composite number?
False
Let r be (28/35)/(4/30). Is (-1 - -3)/(r/879) composite?
False
Let u(z) = -12*z - 23. Is u(-6) a prime number?
False
Suppose 2*j + 201 = 6*j - c, 0 = 3*c + 15. Suppose -j = 4*h - 557. Is h prime?
True
Let n(z) = 8*z**2 + 6*z - 4. Let w be n(4). Let s = w + -101. Is s a prime number?
True
Suppose f = 6*f + 2*x - 2591, -4*f - 3*x = -2077. Is f composite?
True
Suppose 7*v - 175 = -42. Is v a composite number?
False
Let q(m) = 11*m**2 + 12*m - 29. Is q(-14) a composite number?
True
Suppose 0 = 2*a - 4*a + 790. Is a composite?
True
Let u be (50 - (-2 + 1)) + -2. Let h = 82 - u. Is h a prime number?
False
Let j = -1002 - -1861. Is j prime?
True
Let s = 68 + -20. Suppose 0*f - s = -f. Suppose 4*c + t = -t + f, -4*t = -c - 6. Is c a composite number?
True
Let y = 5 - 3. Suppose 3*h + y*h - 15 = 0. Suppose h*j - 160 = -4*r, -3*r - j = 2*j - 123. Is r prime?
True
Suppose 2*h + 5*k - 787 = -h, 2*h + 4*k = 526. Is h a prime number?
False
Let s(b) be the second derivative of b**4/12 - b**3/3 + 347*b**2/2 + 7*b. Is s(0) a prime number?
True
Let s(a) = 26*a + 15. Is s(5) a prime number?
False
Suppose -2*f = -8, s - 1 = 2*f - 0*f. Suppose s = -v + 4*v. Suppose -q = v*q - 212. Is q a composite number?
False
Suppose 5*n = 4*m + 2443, 4*m = 4*n - 258 - 1694. Is n prime?
True
Suppose -b + 6*g - g = -19, b = -3*g - 5. Suppose 4*o = 8, -m - 2*o + 2219 = b*m. Is m a composite number?
False
Let h = -290 + 831. Is h composite?
False
Let u(f) = f**2 + 10*f - 8. Is u(7) composite?
True
Let j = 995 + -667. Let x be (2/4)/(4/j). Suppose s - x = 10. Is s a composite number?
True
Let w = 19 - 7. Let j(p) = p - p**3 - 15 - w*p**2 - 8*p - 6*p. Is j(-11) a prime number?
True
Let c = 53 + -37. Suppose -2*k - o - 1 = 3, c = 4*o. Is k/(-10) - 56/(-10) prime?
False
Let d(s) = -26*s**3 - s**2 + 3*s + 1. Is d(-2) prime?
True
Is ((-5)/(-10))/((-1)/(-178)) a prime number?
True
Suppose -38 = -2*j + 6. Is j composite?
True
Is 2/(6/(-6081)*-1) a composite number?
False
Is (-100)/8*-86 + 4 a prime number?
False
Let r = 576 + 2980. Suppose q - r = -3*q. Is q a composite number?
True
Is 2*7*(-232)/(-16) prime?
False
Let t(v) = -v**3 + 5*v**2 - 5*v + 6. Let g be t(4). Let o be (-2 - -4)/(-1) - g. Is ((-55)/o)/(2/8) a composite number?
True
Let r(f) = -f**3 - 3*f**2 + 2*f - 5. Let z be (-1 + 6/(-3))/(-3). Let i be ((-2)/(-4))/(z/(-12)). Is r(i) a composite number?
True
Suppose 0*o + 1914 = 4*o + 2*w, w = -5. Is o composite?
True
Suppose 2*t = -5 - 1, 0 = -3*y + 2*t + 483. Is y prime?
False
Suppose -3*h = 3*o - 4116, -5*h - 1412 = 2*o - 4159. Is o a composite number?
True
Let q(h) = 2*h**2 - 3*h + 3. Let n be q(2). Suppose -3*u + 5*l + 40 = 0, -45 - n = -3*u - 5*l. Is u a prime number?
False
Let h(o) be the first derivative of 2*o**3 + 2*o**2 - 7*o + 3. Is h(-6) a composite number?
True
Suppose 0 = -5*d - 3*r - 0*r + 18, -2*r + 8 = 2*d. Let y(h) = -h + 7. Is y(d) a prime number?
False
Suppose -y + 1 = 216. Let w = y - -376. Is w composite?
True
Is (-32)/(-8) - 79*-1 a composite number?
False
Let l = 26 - -33. Is l a composite number?
False
Suppose -6*w - 5*v = -2*w + 180, 225 = -5*w - 2*v. Let r be 35*(-2 - (-26)/5). Let m = r + w. Is m prime?
True
Suppose 2*s - 24 = -4*c, -7 = -5*s - c + 17. Suppose -2*z - 164 = 4*y - 754, s*z - 1170 = 2*y. Is z prime?
True
Let j(w) = -244*w + 3. Let m be j(-3). Suppose -4*z + m - 251 = -4*l, 5*l = 10. Is (z/6 - 2)*14 prime?
False
Let t = -16 - -19. Suppose 2524 = v + t*v. Is v composite?
False
Let o(a) = -40*a + 7. Is o(-10) prime?
False
Let d(n) be the second derivative of n**5/20 + 11*n**4/12 - n**3/3 - 5*n**2/2 - n. Is d(-6) composite?
True
Is (-1 - 5)/(4/(-46)) composite?
True
Suppose 5*b + 0*b + 2*a = 4961, -5*b - 3*a + 4964 = 0. Is b a prime number?
True
Let k(a) = a**3 - 5*a**2 + 6*a - 5. Let x = 57 - 33. Suppose -3*m = -6*m + x. Is k(m) a composite number?
True
Let h(i) = -i**3 - 9*i**2 - 8*i - 5. Let x be h(-8). Let r(p) = -p - 2. Let t be r(x). Suppose 0 = -3*k + t, -2*m = -m + k - 27. Is m a composite number?
True
Suppose 4*w = -2*o - 2, -3 = 5*o - 4*w - 26. Suppose -l - 202 = -o*l. Suppose